{"id":2264,"date":"2024-02-15T21:38:31","date_gmt":"2024-02-15T21:38:31","guid":{"rendered":"https:\/\/www.jagiellonczyklasin.edu.pl\/?page_id=2264"},"modified":"2026-04-09T09:20:32","modified_gmt":"2026-04-09T09:20:32","slug":"dokumenty-szkolne","status":"publish","type":"page","link":"https:\/\/www.jagiellonczyklasin.edu.pl\/?page_id=2264","title":{"rendered":"Dokumenty szkolne"},"content":{"rendered":"<p>&nbsp;<\/p>\n<p><strong>STATUT ZESPO\u0141U SZK\u00d3\u0141 PONADPODSTAWOWYCH IM. KAZIMIERZA JAGIELLO\u0143CZYKA W \u0141ASINIE\u00a0 \u2013<span style=\"color: #ff0000;\">\u00a0<\/span><\/strong><span style=\"color: #ff0000;\"><a style=\"color: #ff0000;\" href=\"http:\/\/www.jagiellonczyklasin.edu.pl\/wp-content\/uploads\/statut\/STATUT_Zespolu Szkol Ponadpodstawowych im. Kazimierza Jagiellonczyka.pdf\"><strong>Pobierz<\/strong><\/a><\/span><\/p>\n<p><strong>STANDARDY OCHRONY MA\u0141OLETNICH W ZESPOLE SZK\u00d3\u0141 PONADPODSTAWOWYCH IM. KAZIMIERZA JAGIELLO\u0143CZYKA W \u0141ASINIE &#8211; <span style=\"color: #ff0000;\">\u00a0<\/span><span style=\"color: #ff0000;\"><a style=\"color: #ff0000;\" href=\"http:\/\/www.jagiellonczyklasin.edu.pl\/wp-content\/uploads\/Dokumenty\/Standardy_ochrony_maloletnich.pdf\">Pobierz<\/a><\/span><\/strong><\/p>\n<p><span style=\"color: #000000;\"><strong>REGULAMIN WYCIECZEK I INNYCH IMPREZ KRAJOZNAWCZO \u2013 TURYSTYCZNYCH \u2013<span style=\"color: #ff0000;\">\u00a0<\/span><\/strong><span style=\"color: #ff0000;\"><a style=\"color: #ff0000;\" href=\"http:\/\/www.jagiellonczyklasin.edu.pl\/wp-content\/uploads\/Dokumenty\/REGULAMIN WYCIECZEK.pdf\"><strong>Pobierz<\/strong><\/a><\/span><\/span><\/p>\n<p><span style=\"color: #000000;\"><strong>REGULAMIN ZAK\u0141ADOWEGO FUNDUSZU \u015aWIADCZE\u0143 SOCJALNYCH<\/strong><\/span> \u2013<span style=\"color: #ff0000;\">\u00a0<\/span><span style=\"color: #ff0000;\"><a style=\"color: #ff0000;\" href=\"http:\/\/www.jagiellonczyklasin.edu.pl\/wp-content\/uploads\/Dokumenty\/2025\/REGULAMIN_zfss_i_za\u0142acznik_nr_1__marzec_2025_.pdf\"><strong>Pobierz<\/strong><\/a><\/span><\/p>\n<p><span style=\"color: #000000;\"><strong><em>Za\u0142\u0105czniki do regulaminu:<\/em><\/strong><br \/>\n<\/span><span style=\"font-size: 14pt; color: #000000;\"><span style=\"font-size: 12pt;\">Tabela dop\u0142at marzec 2025<\/span> \u2013<span style=\"font-size: 12pt;\"><span style=\"color: #ff0000;\">\u00a0<\/span><span style=\"color: #ff0000;\"><span style=\"font-size: 10pt;\"><a style=\"color: #ff0000;\" href=\"http:\/\/www.jagiellonczyklasin.edu.pl\/wp-content\/uploads\/Dokumenty\/2025\/Tabela_doplat_marzec_2025.pdf\"><strong>Pobierz<\/strong><\/a><\/span><br \/>\n<\/span><\/span><\/span>O\u015bwiadczenie pracownika <span style=\"font-size: 14pt; color: #000000;\">\u2013<span style=\"font-size: 12pt;\"><span style=\"color: #ff0000;\">\u00a0<\/span><span style=\"color: #ff0000;\"><span style=\"font-size: 10pt;\"><a style=\"color: #ff0000;\" href=\"http:\/\/www.jagiellonczyklasin.edu.pl\/wp-content\/uploads\/Dokumenty\/2025\/Oswiadczenie_pracownik.pdf\"><strong>Pobierz<\/strong><\/a><\/span><br \/>\n<span style=\"color: #000000;\">O\u015bwiadczenie emeryta<\/span><strong><span style=\"color: #000000;\"> \u2013<\/span><\/strong><span style=\"font-size: 10pt;\"><span style=\"color: #000000;\">\u00a0<\/span><strong><span style=\"color: #000000;\"><a style=\"color: #ff0000;\" href=\"http:\/\/www.jagiellonczyklasin.edu.pl\/wp-content\/uploads\/Dokumenty\/2025\/Oswiadczenie_emeryta.pdf\">Pobierz<\/a><\/span><\/strong><\/span><strong><span style=\"color: #000000;\"><br \/>\n<\/span><\/strong><span style=\"color: #000000;\">Wniosek o przyznanie \u015bwiadczenia &#8211; wypoczynek<\/span><strong><span style=\"color: #000000;\">\u2013<span style=\"font-size: 10pt;\">\u00a0<a style=\"color: #ff0000;\" href=\"http:\/\/www.jagiellonczyklasin.edu.pl\/wp-content\/uploads\/Dokumenty\/2025\/Wniosek_o_przyznanie_swiadczenia___wypoczynek.pdf\">Pobierz<\/a><\/span><br \/>\n<\/span><\/strong><span style=\"color: #000000;\">Wniosek o przyznanie \u015bwiadczenia<\/span><strong><span style=\"color: #000000;\"> \u2013<span style=\"font-size: 10pt;\">\u00a0<a style=\"color: #ff0000;\" href=\"http:\/\/www.jagiellonczyklasin.edu.pl\/wp-content\/uploads\/Dokumenty\/2025\/Wniosek_o_przyznanie_swiadczenia_1.pdf\">Pobierz<\/a><\/span><br \/>\n<\/span><\/strong><span style=\"color: #000000;\">Wniosek o przyznanie \u015bwiadczenia<\/span><strong><span style=\"color: #000000;\"> \u2013\u00a0<span style=\"font-size: 10pt;\"><a style=\"color: #ff0000;\" href=\"http:\/\/www.jagiellonczyklasin.edu.pl\/wp-content\/uploads\/Dokumenty\/2025\/Wniosek_o_przyznanie_swiadczenia_2.pdf\">Pobierz<\/a><\/span><br \/>\n<\/span><\/strong><span style=\"color: #000000;\">Wniosek o przyznanie po\u017cyczki mieszkaniowej <\/span><strong><span style=\"color: #000000;\">\u2013<span style=\"font-size: 10pt;\">\u00a0<a style=\"color: #ff0000;\" href=\"http:\/\/www.jagiellonczyklasin.edu.pl\/wp-content\/uploads\/Dokumenty\/2025\/wniosek_o_pozyczke_mieszkaniowa.pdf\">Pobierz<\/a><\/span><br \/>\n<\/span><\/strong><span style=\"color: #000000;\">Umowa po\u017cyczki mieszkaniowej<\/span><strong><span style=\"color: #000000;\"> \u2013\u00a0<span style=\"font-size: 10pt;\"><a style=\"color: #ff0000;\" href=\"http:\/\/www.jagiellonczyklasin.edu.pl\/wp-content\/uploads\/Dokumenty\/2025\/umowa_pozyczki_mieszkaniowej.pdf\">Pobierz<\/a><\/span><\/span><\/strong><\/span><\/span><\/span><\/p>\n<p><span style=\"color: #000000;\"><strong>REGULAMIN FUNDUSZU ZDROWOTNEGO &#8211; <span style=\"color: #ff0000;\"><a style=\"color: #ff0000;\" href=\"http:\/\/www.jagiellonczyklasin.edu.pl\/wp-content\/uploads\/Dokumenty\/2025\/rgulamin_zdrowotnego.pdf\">Pobierz<\/a><\/span><\/strong><\/span><\/p>\n<p>&nbsp;<\/p>\n<p><span style=\"color: #000000;\"><span style=\"color: #ff0000;\">\u00a0<\/span><\/span><\/p>\n","protected":false},"excerpt":{"rendered":"<p>&nbsp; STATUT ZESPO\u0141U SZK\u00d3\u0141 PONADPODSTAWOWYCH IM. KAZIMIERZA JAGIELLO\u0143CZYKA W \u0141ASINIE\u00a0 \u2013\u00a0Pobierz STANDARDY OCHRONY MA\u0141OLETNICH W ZESPOLE SZK\u00d3\u0141 PONADPODSTAWOWYCH IM. KAZIMIERZA JAGIELLO\u0143CZYKA W \u0141ASINIE &#8211; \u00a0Pobierz REGULAMIN WYCIECZEK I INNYCH IMPREZ KRAJOZNAWCZO \u2013 TURYSTYCZNYCH \u2013\u00a0Pobierz REGULAMIN ZAK\u0141ADOWEGO FUNDUSZU \u015aWIADCZE\u0143 SOCJALNYCH \u2013\u00a0Pobierz Za\u0142\u0105czniki do regulaminu: Tabela dop\u0142at marzec 2025 \u2013\u00a0Pobierz O\u015bwiadczenie pracownika \u2013\u00a0Pobierz O\u015bwiadczenie emeryta \u2013\u00a0Pobierz Wniosek [&hellip;]<\/p>\n","protected":false},"author":1,"featured_media":0,"parent":0,"menu_order":0,"comment_status":"closed","ping_status":"closed","template":"","meta":{"_kadence_starter_templates_imported_post":false,"footnotes":""},"blocksy_meta":[],"featured_image_urls":{"full":"","thumbnail":"","medium":"","medium_large":"","large":"","1536x1536":"","2048x2048":"","htliser_size_396x360":"","htslider_size_1170x536":""},"post_excerpt_stackable":"<p>&nbsp; STATUT ZESPO\u0141U SZK\u00d3\u0141 PONADPODSTAWOWYCH IM. KAZIMIERZA JAGIELLO\u0143CZYKA W \u0141ASINIE\u00a0 \u2013\u00a0Pobierz STANDARDY OCHRONY MA\u0141OLETNICH W ZESPOLE SZK\u00d3\u0141 PONADPODSTAWOWYCH IM. KAZIMIERZA JAGIELLO\u0143CZYKA W \u0141ASINIE &#8211; \u00a0Pobierz REGULAMIN WYCIECZEK I INNYCH IMPREZ KRAJOZNAWCZO \u2013 TURYSTYCZNYCH \u2013\u00a0Pobierz REGULAMIN ZAK\u0141ADOWEGO FUNDUSZU \u015aWIADCZE\u0143 SOCJALNYCH \u2013\u00a0Pobierz Za\u0142\u0105czniki do regulaminu: Tabela dop\u0142at marzec 2025 \u2013\u00a0Pobierz O\u015bwiadczenie pracownika \u2013\u00a0Pobierz O\u015bwiadczenie emeryta \u2013\u00a0Pobierz Wniosek o przyznanie \u015bwiadczenia &#8211; wypoczynek\u2013\u00a0Pobierz Wniosek o przyznanie \u015bwiadczenia \u2013\u00a0Pobierz Wniosek o przyznanie \u015bwiadczenia \u2013\u00a0Pobierz Wniosek o przyznanie po\u017cyczki mieszkaniowej \u2013\u00a0Pobierz Umowa po\u017cyczki mieszkaniowej \u2013\u00a0Pobierz REGULAMIN FUNDUSZU ZDROWOTNEGO &#8211; Pobierz &nbsp; \u00a0<\/p>\n","category_list":"","author_info":{"name":"admin","url":"https:\/\/www.jagiellonczyklasin.edu.pl\/?author=1"},"comments_num":"0 comments","_links":{"self":[{"href":"https:\/\/www.jagiellonczyklasin.edu.pl\/index.php?rest_route=\/wp\/v2\/pages\/2264"}],"collection":[{"href":"https:\/\/www.jagiellonczyklasin.edu.pl\/index.php?rest_route=\/wp\/v2\/pages"}],"about":[{"href":"https:\/\/www.jagiellonczyklasin.edu.pl\/index.php?rest_route=\/wp\/v2\/types\/page"}],"author":[{"embeddable":true,"href":"https:\/\/www.jagiellonczyklasin.edu.pl\/index.php?rest_route=\/wp\/v2\/users\/1"}],"replies":[{"embeddable":true,"href":"https:\/\/www.jagiellonczyklasin.edu.pl\/index.php?rest_route=%2Fwp%2Fv2%2Fcomments&post=2264"}],"version-history":[{"count":64,"href":"https:\/\/www.jagiellonczyklasin.edu.pl\/index.php?rest_route=\/wp\/v2\/pages\/2264\/revisions"}],"predecessor-version":[{"id":10269,"href":"https:\/\/www.jagiellonczyklasin.edu.pl\/index.php?rest_route=\/wp\/v2\/pages\/2264\/revisions\/10269"}],"wp:attachment":[{"href":"https:\/\/www.jagiellonczyklasin.edu.pl\/index.php?rest_route=%2Fwp%2Fv2%2Fmedia&parent=2264"}],"curies":[{"name":"wp","href":"https:\/\/api.w.org\/{rel}","templated":true}]}}