{"id":3060,"date":"2024-02-18T17:06:31","date_gmt":"2024-02-18T17:06:31","guid":{"rendered":"https:\/\/www.jagiellonczyklasin.edu.pl\/?page_id=3060"},"modified":"2024-02-23T17:11:45","modified_gmt":"2024-02-23T17:11:45","slug":"organ-prowadzacy","status":"publish","type":"page","link":"https:\/\/www.jagiellonczyklasin.edu.pl\/?page_id=3060","title":{"rendered":"Organ prowadz\u0105cy"},"content":{"rendered":"<p>&nbsp;<\/p>\n<p><a href=\"https:\/\/www.powiatgrudziadzki.pl\/lang,pl\"><img decoding=\"async\" class=\"aligncenter wp-image-3070\" src=\"http:\/\/www.jagiellonczyklasin.edu.pl\/wp-content\/uploads\/2024\/02\/WWW_SP_Grudziadz.png\" alt=\"\" width=\"204\" height=\"245\" \/><\/a><\/p>\n<h5 style=\"text-align: center;\"><span style=\"color: #000000;\"><strong>Starostwo Powiatowe w Grudzi\u0105dzu<\/strong><\/span><\/h5>\n<p style=\"text-align: center;\"><span style=\"color: #000000;\">Ma\u0142om\u0142y\u0144ska 1, 86-300 Grudzi\u0105dz<\/span><\/p>\n","protected":false},"excerpt":{"rendered":"<p>&nbsp; Starostwo Powiatowe w Grudzi\u0105dzu Ma\u0142om\u0142y\u0144ska 1, 86-300 Grudzi\u0105dz<\/p>\n","protected":false},"author":1,"featured_media":0,"parent":0,"menu_order":0,"comment_status":"closed","ping_status":"closed","template":"","meta":{"_kadence_starter_templates_imported_post":false,"footnotes":""},"blocksy_meta":[],"featured_image_urls":{"full":"","thumbnail":"","medium":"","medium_large":"","large":"","1536x1536":"","2048x2048":"","htliser_size_396x360":"","htslider_size_1170x536":""},"post_excerpt_stackable":"<p>&nbsp; Starostwo Powiatowe w Grudzi\u0105dzu Ma\u0142om\u0142y\u0144ska 1, 86-300 Grudzi\u0105dz<\/p>\n","category_list":"","author_info":{"name":"admin","url":"https:\/\/www.jagiellonczyklasin.edu.pl\/?author=1"},"comments_num":"0 comments","_links":{"self":[{"href":"https:\/\/www.jagiellonczyklasin.edu.pl\/index.php?rest_route=\/wp\/v2\/pages\/3060"}],"collection":[{"href":"https:\/\/www.jagiellonczyklasin.edu.pl\/index.php?rest_route=\/wp\/v2\/pages"}],"about":[{"href":"https:\/\/www.jagiellonczyklasin.edu.pl\/index.php?rest_route=\/wp\/v2\/types\/page"}],"author":[{"embeddable":true,"href":"https:\/\/www.jagiellonczyklasin.edu.pl\/index.php?rest_route=\/wp\/v2\/users\/1"}],"replies":[{"embeddable":true,"href":"https:\/\/www.jagiellonczyklasin.edu.pl\/index.php?rest_route=%2Fwp%2Fv2%2Fcomments&post=3060"}],"version-history":[{"count":9,"href":"https:\/\/www.jagiellonczyklasin.edu.pl\/index.php?rest_route=\/wp\/v2\/pages\/3060\/revisions"}],"predecessor-version":[{"id":3739,"href":"https:\/\/www.jagiellonczyklasin.edu.pl\/index.php?rest_route=\/wp\/v2\/pages\/3060\/revisions\/3739"}],"wp:attachment":[{"href":"https:\/\/www.jagiellonczyklasin.edu.pl\/index.php?rest_route=%2Fwp%2Fv2%2Fmedia&parent=3060"}],"curies":[{"name":"wp","href":"https:\/\/api.w.org\/{rel}","templated":true}]}}