{"id":3974,"date":"2024-02-23T22:33:45","date_gmt":"2024-02-23T22:33:45","guid":{"rendered":"https:\/\/www.jagiellonczyklasin.edu.pl\/?page_id=3974"},"modified":"2024-02-23T22:55:01","modified_gmt":"2024-02-23T22:55:01","slug":"sport","status":"publish","type":"page","link":"https:\/\/www.jagiellonczyklasin.edu.pl\/?page_id=3974","title":{"rendered":"Sport"},"content":{"rendered":"<p style=\"text-align: center;\"><strong><span style=\"font-family: arial, helvetica, sans-serif; font-size: 14pt;\">Mistrzostwach Szko\u0142y w biegu prze\u0142ajowym<\/span><\/strong><\/p>\n<p><span style=\"font-family: arial, helvetica, sans-serif; font-size: 12pt;\">Na bie\u017cni stadionu w \u0141asinie do rywalizacji przyst\u0105pi\u0142y najlepsze biegaczki oraz najlepsi biegacze \u201eJagiello\u0144czyka\u201d.\u00a0W Mistrzostwach Szko\u0142y w biegu prze\u0142ajowym wystartowa\u0142o 15 dziewcz\u0105t i 22 ch\u0142opc\u00f3w.<\/span><\/p>\n<p><span style=\"font-family: arial, helvetica, sans-serif; font-size: 12pt;\">Wyniki ko\u0144cowe:<br \/>\n<\/span><span style=\"font-family: arial, helvetica, sans-serif; font-size: 12pt;\">Dziewcz\u0119ta:<br \/>\n<\/span><span style=\"font-family: arial, helvetica, sans-serif; font-size: 12pt;\">Julia Sarnat, kl. 4 a LO,<br \/>\n<\/span><span style=\"font-family: arial, helvetica, sans-serif; font-size: 12pt;\">Kasia Sarnat, kl. 4 a LO,<br \/>\n<\/span><span style=\"font-family: arial, helvetica, sans-serif; font-size: 12pt;\">Oliwia Stankiewicz, kl. 2 a LO.<\/span><\/p>\n<p><span style=\"font-family: arial, helvetica, sans-serif; font-size: 12pt;\">\u00a0Ch\u0142opcy:<br \/>\n<\/span><span style=\"font-family: arial, helvetica, sans-serif; font-size: 12pt;\">Kacper Kurkiewicz, kl. 4 a LO,<br \/>\n<\/span><span style=\"font-family: arial, helvetica, sans-serif; font-size: 12pt;\">Micha\u0142 Sza\u0142kowski, kl. 3 a BS,<br \/>\n<\/span><span style=\"font-family: arial, helvetica, sans-serif; font-size: 12pt;\">Cezary Mrozowski, kl. 4 a LO.<\/span><\/p>\n<p><span style=\"font-family: arial, helvetica, sans-serif; font-size: 12pt;\">Gratulacje dla zwyci\u0119zc\u00f3w oraz dla wszystkich zawodnik\u00f3w.<\/span><\/p>\n<div class=\"su-image-carousel  su-image-carousel-columns-4 su-image-carousel-has-spacing su-image-carousel-crop su-image-carousel-crop-4-3 su-image-carousel-has-outline su-image-carousel-adaptive su-image-carousel-slides-style-minimal su-image-carousel-controls-style-light su-image-carousel-align-center\" style=\"\" data-flickity-options='{\"groupCells\":true,\"cellSelector\":\".su-image-carousel-item\",\"adaptiveHeight\":false,\"cellAlign\":\"left\",\"prevNextButtons\":true,\"pageDots\":false,\"autoPlay\":5000,\"imagesLoaded\":true,\"contain\":true,\"selectedAttraction\":1,\"friction\":1}' id=\"su_image_carousel_69e1db903d4ba\"><div class=\"su-image-carousel-item\"><div class=\"su-image-carousel-item-content\"><a href=\"https:\/\/www.jagiellonczyklasin.edu.pl\/wp-content\/uploads\/2024\/02\/384334844_756368572962633_8673194592803451601_n.jpg\" data-caption=\"\"><img decoding=\"async\" width=\"300\" height=\"135\" src=\"https:\/\/www.jagiellonczyklasin.edu.pl\/wp-content\/uploads\/2024\/02\/384334844_756368572962633_8673194592803451601_n-300x135.jpg\" class=\"\" alt=\"\" srcset=\"https:\/\/www.jagiellonczyklasin.edu.pl\/wp-content\/uploads\/2024\/02\/384334844_756368572962633_8673194592803451601_n-300x135.jpg 300w, https:\/\/www.jagiellonczyklasin.edu.pl\/wp-content\/uploads\/2024\/02\/384334844_756368572962633_8673194592803451601_n-1024x461.jpg 1024w, https:\/\/www.jagiellonczyklasin.edu.pl\/wp-content\/uploads\/2024\/02\/384334844_756368572962633_8673194592803451601_n-768x346.jpg 768w, https:\/\/www.jagiellonczyklasin.edu.pl\/wp-content\/uploads\/2024\/02\/384334844_756368572962633_8673194592803451601_n.jpg 1422w\" sizes=\"(max-width: 300px) 100vw, 300px\" \/><\/a><\/div><\/div><div class=\"su-image-carousel-item\"><div class=\"su-image-carousel-item-content\"><a href=\"https:\/\/www.jagiellonczyklasin.edu.pl\/wp-content\/uploads\/2024\/02\/384346537_756368766295947_7528127396757219007_n-1.jpg\" data-caption=\"\"><img decoding=\"async\" width=\"300\" height=\"135\" src=\"https:\/\/www.jagiellonczyklasin.edu.pl\/wp-content\/uploads\/2024\/02\/384346537_756368766295947_7528127396757219007_n-1-300x135.jpg\" class=\"\" alt=\"\" srcset=\"https:\/\/www.jagiellonczyklasin.edu.pl\/wp-content\/uploads\/2024\/02\/384346537_756368766295947_7528127396757219007_n-1-300x135.jpg 300w, https:\/\/www.jagiellonczyklasin.edu.pl\/wp-content\/uploads\/2024\/02\/384346537_756368766295947_7528127396757219007_n-1-1024x461.jpg 1024w, https:\/\/www.jagiellonczyklasin.edu.pl\/wp-content\/uploads\/2024\/02\/384346537_756368766295947_7528127396757219007_n-1-768x346.jpg 768w, https:\/\/www.jagiellonczyklasin.edu.pl\/wp-content\/uploads\/2024\/02\/384346537_756368766295947_7528127396757219007_n-1.jpg 1422w\" sizes=\"(max-width: 300px) 100vw, 300px\" \/><\/a><\/div><\/div><div class=\"su-image-carousel-item\"><div class=\"su-image-carousel-item-content\"><a href=\"https:\/\/www.jagiellonczyklasin.edu.pl\/wp-content\/uploads\/2024\/02\/384306831_756368529629304_5342994481374182813_n.jpg\" data-caption=\"\"><img decoding=\"async\" width=\"300\" height=\"135\" src=\"https:\/\/www.jagiellonczyklasin.edu.pl\/wp-content\/uploads\/2024\/02\/384306831_756368529629304_5342994481374182813_n-300x135.jpg\" class=\"\" alt=\"\" srcset=\"https:\/\/www.jagiellonczyklasin.edu.pl\/wp-content\/uploads\/2024\/02\/384306831_756368529629304_5342994481374182813_n-300x135.jpg 300w, https:\/\/www.jagiellonczyklasin.edu.pl\/wp-content\/uploads\/2024\/02\/384306831_756368529629304_5342994481374182813_n-1024x461.jpg 1024w, https:\/\/www.jagiellonczyklasin.edu.pl\/wp-content\/uploads\/2024\/02\/384306831_756368529629304_5342994481374182813_n-768x346.jpg 768w, https:\/\/www.jagiellonczyklasin.edu.pl\/wp-content\/uploads\/2024\/02\/384306831_756368529629304_5342994481374182813_n.jpg 1422w\" sizes=\"(max-width: 300px) 100vw, 300px\" \/><\/a><\/div><\/div><div class=\"su-image-carousel-item\"><div class=\"su-image-carousel-item-content\"><a href=\"https:\/\/www.jagiellonczyklasin.edu.pl\/wp-content\/uploads\/2024\/02\/384490639_756369006295923_7884327656276915476_n.jpg\" data-caption=\"\"><img loading=\"lazy\" decoding=\"async\" width=\"300\" height=\"135\" src=\"https:\/\/www.jagiellonczyklasin.edu.pl\/wp-content\/uploads\/2024\/02\/384490639_756369006295923_7884327656276915476_n-300x135.jpg\" class=\"\" alt=\"\" srcset=\"https:\/\/www.jagiellonczyklasin.edu.pl\/wp-content\/uploads\/2024\/02\/384490639_756369006295923_7884327656276915476_n-300x135.jpg 300w, https:\/\/www.jagiellonczyklasin.edu.pl\/wp-content\/uploads\/2024\/02\/384490639_756369006295923_7884327656276915476_n-1024x461.jpg 1024w, https:\/\/www.jagiellonczyklasin.edu.pl\/wp-content\/uploads\/2024\/02\/384490639_756369006295923_7884327656276915476_n-768x346.jpg 768w, https:\/\/www.jagiellonczyklasin.edu.pl\/wp-content\/uploads\/2024\/02\/384490639_756369006295923_7884327656276915476_n-1536x691.jpg 1536w, https:\/\/www.jagiellonczyklasin.edu.pl\/wp-content\/uploads\/2024\/02\/384490639_756369006295923_7884327656276915476_n.jpg 2040w\" sizes=\"(max-width: 300px) 100vw, 300px\" \/><\/a><\/div><\/div><div class=\"su-image-carousel-item\"><div class=\"su-image-carousel-item-content\"><a href=\"https:\/\/www.jagiellonczyklasin.edu.pl\/wp-content\/uploads\/2024\/02\/384394386_756368709629286_7433584061996182979_n.jpg\" data-caption=\"\"><img loading=\"lazy\" decoding=\"async\" width=\"300\" height=\"135\" src=\"https:\/\/www.jagiellonczyklasin.edu.pl\/wp-content\/uploads\/2024\/02\/384394386_756368709629286_7433584061996182979_n-300x135.jpg\" class=\"\" alt=\"\" srcset=\"https:\/\/www.jagiellonczyklasin.edu.pl\/wp-content\/uploads\/2024\/02\/384394386_756368709629286_7433584061996182979_n-300x135.jpg 300w, https:\/\/www.jagiellonczyklasin.edu.pl\/wp-content\/uploads\/2024\/02\/384394386_756368709629286_7433584061996182979_n-1024x461.jpg 1024w, https:\/\/www.jagiellonczyklasin.edu.pl\/wp-content\/uploads\/2024\/02\/384394386_756368709629286_7433584061996182979_n-768x346.jpg 768w, https:\/\/www.jagiellonczyklasin.edu.pl\/wp-content\/uploads\/2024\/02\/384394386_756368709629286_7433584061996182979_n.jpg 1422w\" sizes=\"(max-width: 300px) 100vw, 300px\" \/><\/a><\/div><\/div><div class=\"su-image-carousel-item\"><div class=\"su-image-carousel-item-content\"><a href=\"https:\/\/www.jagiellonczyklasin.edu.pl\/wp-content\/uploads\/2024\/02\/384341416_756368486295975_6153044739926166239_n.jpg\" data-caption=\"\"><img loading=\"lazy\" decoding=\"async\" width=\"300\" height=\"135\" src=\"https:\/\/www.jagiellonczyklasin.edu.pl\/wp-content\/uploads\/2024\/02\/384341416_756368486295975_6153044739926166239_n-300x135.jpg\" class=\"\" alt=\"\" srcset=\"https:\/\/www.jagiellonczyklasin.edu.pl\/wp-content\/uploads\/2024\/02\/384341416_756368486295975_6153044739926166239_n-300x135.jpg 300w, https:\/\/www.jagiellonczyklasin.edu.pl\/wp-content\/uploads\/2024\/02\/384341416_756368486295975_6153044739926166239_n-1024x461.jpg 1024w, https:\/\/www.jagiellonczyklasin.edu.pl\/wp-content\/uploads\/2024\/02\/384341416_756368486295975_6153044739926166239_n-768x346.jpg 768w, https:\/\/www.jagiellonczyklasin.edu.pl\/wp-content\/uploads\/2024\/02\/384341416_756368486295975_6153044739926166239_n.jpg 1422w\" sizes=\"(max-width: 300px) 100vw, 300px\" \/><\/a><\/div><\/div><div class=\"su-image-carousel-item\"><div class=\"su-image-carousel-item-content\"><a href=\"https:\/\/www.jagiellonczyklasin.edu.pl\/wp-content\/uploads\/2024\/02\/384741319_756368872962603_7843158326710883285_n.jpg\" data-caption=\"\"><img loading=\"lazy\" decoding=\"async\" width=\"300\" height=\"135\" src=\"https:\/\/www.jagiellonczyklasin.edu.pl\/wp-content\/uploads\/2024\/02\/384741319_756368872962603_7843158326710883285_n-300x135.jpg\" class=\"\" alt=\"\" srcset=\"https:\/\/www.jagiellonczyklasin.edu.pl\/wp-content\/uploads\/2024\/02\/384741319_756368872962603_7843158326710883285_n-300x135.jpg 300w, https:\/\/www.jagiellonczyklasin.edu.pl\/wp-content\/uploads\/2024\/02\/384741319_756368872962603_7843158326710883285_n-1024x461.jpg 1024w, https:\/\/www.jagiellonczyklasin.edu.pl\/wp-content\/uploads\/2024\/02\/384741319_756368872962603_7843158326710883285_n-768x346.jpg 768w, https:\/\/www.jagiellonczyklasin.edu.pl\/wp-content\/uploads\/2024\/02\/384741319_756368872962603_7843158326710883285_n-1536x691.jpg 1536w, https:\/\/www.jagiellonczyklasin.edu.pl\/wp-content\/uploads\/2024\/02\/384741319_756368872962603_7843158326710883285_n.jpg 2040w\" sizes=\"(max-width: 300px) 100vw, 300px\" \/><\/a><\/div><\/div><div class=\"su-image-carousel-item\"><div class=\"su-image-carousel-item-content\"><a href=\"https:\/\/www.jagiellonczyklasin.edu.pl\/wp-content\/uploads\/2024\/02\/383969298_756368982962592_7469392253899135073_n.jpg\" data-caption=\"\"><img loading=\"lazy\" decoding=\"async\" width=\"300\" height=\"135\" src=\"https:\/\/www.jagiellonczyklasin.edu.pl\/wp-content\/uploads\/2024\/02\/383969298_756368982962592_7469392253899135073_n-300x135.jpg\" class=\"\" alt=\"\" srcset=\"https:\/\/www.jagiellonczyklasin.edu.pl\/wp-content\/uploads\/2024\/02\/383969298_756368982962592_7469392253899135073_n-300x135.jpg 300w, https:\/\/www.jagiellonczyklasin.edu.pl\/wp-content\/uploads\/2024\/02\/383969298_756368982962592_7469392253899135073_n-1024x461.jpg 1024w, https:\/\/www.jagiellonczyklasin.edu.pl\/wp-content\/uploads\/2024\/02\/383969298_756368982962592_7469392253899135073_n-768x346.jpg 768w, https:\/\/www.jagiellonczyklasin.edu.pl\/wp-content\/uploads\/2024\/02\/383969298_756368982962592_7469392253899135073_n-1536x691.jpg 1536w, https:\/\/www.jagiellonczyklasin.edu.pl\/wp-content\/uploads\/2024\/02\/383969298_756368982962592_7469392253899135073_n.jpg 2040w\" sizes=\"(max-width: 300px) 100vw, 300px\" \/><\/a><\/div><\/div><div class=\"su-image-carousel-item\"><div class=\"su-image-carousel-item-content\"><a href=\"https:\/\/www.jagiellonczyklasin.edu.pl\/wp-content\/uploads\/2024\/02\/384340406_756368602962630_2596730758160853126_n.jpg\" data-caption=\"\"><img loading=\"lazy\" decoding=\"async\" width=\"300\" height=\"135\" src=\"https:\/\/www.jagiellonczyklasin.edu.pl\/wp-content\/uploads\/2024\/02\/384340406_756368602962630_2596730758160853126_n-300x135.jpg\" class=\"\" alt=\"\" srcset=\"https:\/\/www.jagiellonczyklasin.edu.pl\/wp-content\/uploads\/2024\/02\/384340406_756368602962630_2596730758160853126_n-300x135.jpg 300w, https:\/\/www.jagiellonczyklasin.edu.pl\/wp-content\/uploads\/2024\/02\/384340406_756368602962630_2596730758160853126_n-1024x461.jpg 1024w, https:\/\/www.jagiellonczyklasin.edu.pl\/wp-content\/uploads\/2024\/02\/384340406_756368602962630_2596730758160853126_n-768x346.jpg 768w, https:\/\/www.jagiellonczyklasin.edu.pl\/wp-content\/uploads\/2024\/02\/384340406_756368602962630_2596730758160853126_n.jpg 1422w\" sizes=\"(max-width: 300px) 100vw, 300px\" \/><\/a><\/div><\/div><div class=\"su-image-carousel-item\"><div class=\"su-image-carousel-item-content\"><a href=\"https:\/\/www.jagiellonczyklasin.edu.pl\/wp-content\/uploads\/2024\/02\/384342856_756368649629292_3808285089594981103_n.jpg\" data-caption=\"\"><img loading=\"lazy\" decoding=\"async\" width=\"300\" height=\"135\" src=\"https:\/\/www.jagiellonczyklasin.edu.pl\/wp-content\/uploads\/2024\/02\/384342856_756368649629292_3808285089594981103_n-300x135.jpg\" class=\"\" alt=\"\" srcset=\"https:\/\/www.jagiellonczyklasin.edu.pl\/wp-content\/uploads\/2024\/02\/384342856_756368649629292_3808285089594981103_n-300x135.jpg 300w, https:\/\/www.jagiellonczyklasin.edu.pl\/wp-content\/uploads\/2024\/02\/384342856_756368649629292_3808285089594981103_n-1024x461.jpg 1024w, https:\/\/www.jagiellonczyklasin.edu.pl\/wp-content\/uploads\/2024\/02\/384342856_756368649629292_3808285089594981103_n-768x346.jpg 768w, https:\/\/www.jagiellonczyklasin.edu.pl\/wp-content\/uploads\/2024\/02\/384342856_756368649629292_3808285089594981103_n.jpg 1422w\" sizes=\"(max-width: 300px) 100vw, 300px\" \/><\/a><\/div><\/div><\/div><script id=\"su_image_carousel_69e1db903d4ba_script\">if(window.SUImageCarousel){setTimeout(function() {window.SUImageCarousel.initGallery(document.getElementById(\"su_image_carousel_69e1db903d4ba\"))}, 0);}var su_image_carousel_69e1db903d4ba_script=document.getElementById(\"su_image_carousel_69e1db903d4ba_script\");if(su_image_carousel_69e1db903d4ba_script){su_image_carousel_69e1db903d4ba_script.parentNode.removeChild(su_image_carousel_69e1db903d4ba_script);}<\/script>\n<p>&nbsp;<\/p>\n","protected":false},"excerpt":{"rendered":"<p>Mistrzostwach Szko\u0142y w biegu prze\u0142ajowym Na bie\u017cni stadionu w \u0141asinie do rywalizacji przyst\u0105pi\u0142y najlepsze biegaczki oraz najlepsi biegacze \u201eJagiello\u0144czyka\u201d.\u00a0W Mistrzostwach Szko\u0142y w biegu prze\u0142ajowym wystartowa\u0142o 15 dziewcz\u0105t i 22 ch\u0142opc\u00f3w. Wyniki ko\u0144cowe: Dziewcz\u0119ta: Julia Sarnat, kl. 4 a LO, Kasia Sarnat, kl. 4 a LO, Oliwia Stankiewicz, kl. 2 a LO. \u00a0Ch\u0142opcy: Kacper Kurkiewicz, kl. [&hellip;]<\/p>\n","protected":false},"author":1,"featured_media":0,"parent":0,"menu_order":0,"comment_status":"closed","ping_status":"closed","template":"","meta":{"_kadence_starter_templates_imported_post":false,"footnotes":""},"blocksy_meta":[],"featured_image_urls":{"full":"","thumbnail":"","medium":"","medium_large":"","large":"","1536x1536":"","2048x2048":"","htliser_size_396x360":"","htslider_size_1170x536":""},"post_excerpt_stackable":"<p>Mistrzostwach Szko\u0142y w biegu prze\u0142ajowym Na bie\u017cni stadionu w \u0141asinie do rywalizacji przyst\u0105pi\u0142y najlepsze biegaczki oraz najlepsi biegacze \u201eJagiello\u0144czyka\u201d.\u00a0W Mistrzostwach Szko\u0142y w biegu prze\u0142ajowym wystartowa\u0142o 15 dziewcz\u0105t i 22 ch\u0142opc\u00f3w. Wyniki ko\u0144cowe: Dziewcz\u0119ta: Julia Sarnat, kl. 4 a LO, Kasia Sarnat, kl. 4 a LO, Oliwia Stankiewicz, kl. 2 a LO. \u00a0Ch\u0142opcy: Kacper Kurkiewicz, kl. 4 a LO, Micha\u0142 Sza\u0142kowski, kl. 3 a BS, Cezary Mrozowski, kl. 4 a LO. Gratulacje dla zwyci\u0119zc\u00f3w oraz dla wszystkich zawodnik\u00f3w. &nbsp;<\/p>\n","category_list":"","author_info":{"name":"admin","url":"https:\/\/www.jagiellonczyklasin.edu.pl\/?author=1"},"comments_num":"0 comments","_links":{"self":[{"href":"https:\/\/www.jagiellonczyklasin.edu.pl\/index.php?rest_route=\/wp\/v2\/pages\/3974"}],"collection":[{"href":"https:\/\/www.jagiellonczyklasin.edu.pl\/index.php?rest_route=\/wp\/v2\/pages"}],"about":[{"href":"https:\/\/www.jagiellonczyklasin.edu.pl\/index.php?rest_route=\/wp\/v2\/types\/page"}],"author":[{"embeddable":true,"href":"https:\/\/www.jagiellonczyklasin.edu.pl\/index.php?rest_route=\/wp\/v2\/users\/1"}],"replies":[{"embeddable":true,"href":"https:\/\/www.jagiellonczyklasin.edu.pl\/index.php?rest_route=%2Fwp%2Fv2%2Fcomments&post=3974"}],"version-history":[{"count":8,"href":"https:\/\/www.jagiellonczyklasin.edu.pl\/index.php?rest_route=\/wp\/v2\/pages\/3974\/revisions"}],"predecessor-version":[{"id":3993,"href":"https:\/\/www.jagiellonczyklasin.edu.pl\/index.php?rest_route=\/wp\/v2\/pages\/3974\/revisions\/3993"}],"wp:attachment":[{"href":"https:\/\/www.jagiellonczyklasin.edu.pl\/index.php?rest_route=%2Fwp%2Fv2%2Fmedia&parent=3974"}],"curies":[{"name":"wp","href":"https:\/\/api.w.org\/{rel}","templated":true}]}}